, 11
Let x be 62413/130 + 1*(-1)/10. Let h = 1053 - x. What are the prime factors of h?
3, 191
Let s(v) = -30*v**3 + v**2 + 4*v - 7. Let z be s(-3). Let i = z + 84. Suppose 6*o = -50 + i. List the prime factors of o.
139
Let a be ((-3)/6)/(2/(-8)). Suppose j - 5 = -a. Suppose 0 = -c + l + 54, 4*c + j*l = 3*c + 66. List the prime factors of c.
3, 19
Let w(k) = -9 - 24*k**2 + 3 - 3*k + 25*k**2 - 5. Let h be w(15). Let d = h + -88. What are the prime factors of d?
3
Let p = 990 + -985. Suppose p*n = -f + 9490, -n + 3*f = -0*f - 1898. What are the prime factors of n?
2, 13, 73
Let v be 14/(-35) + -1 + (-25385)/(-25). Let r = 1939 - v. List the prime factors of r.
5, 37
Let u be 9 - (7 - (-8)/(-2)). Suppose 25*i = -u*i + 20429. What are the prime factors of i?
659
Let x be (43 - 46)*(-571)/1. Let f = x - 1018. What are the prime factors of f?
5, 139
Suppose 853*r = 872*r - 215327. What are the prime factors of r?
7, 1619
What are the prime factors of ((-60)/(-9))/((-82)/(-9348))?
2, 5, 19
Let v(d) = -16*d**2 - 93*d + 206. Let j(f) = 3*f**2 + 19*f - 41. Let b(m) = 11*j(m) + 2*v(m). List the prime factors of b(11).
5, 67
Suppose 3*v - 83 = 43. Let i be (14/v)/((-2)/(-96)). Suppose i - 1 = 5*x, 115 = 2*a - x. What are the prime factors of a?
59
Suppose u = 5*h - 7, 6 = -2*u - 4*h + 48. Suppose 537 = u*z - 516. List the prime factors of z.
3
Let s = 29705 - 7126. List the prime factors of s.
67, 337
Suppose 4*f + 46 = 58. Suppose 5 = -8*s - f. What are the prime factors of s/(5/(-1095)) + 0?
3, 73
Let n(m) = m**2 - 13. Let p be n(-4). Suppose 0 = -p*r + 2*v - 4, 2*r - 3*v + 8 = -3. Suppose u = 0, -u + 168 = 2*i + r*u. What are the prime factors of i?
2, 3, 7
Suppose -c = -4*g - 3878, -19434 = -70*c + 65*c - 2*g. What are the prime factors of c?
2, 29, 67
Let q = -19 - -14. Let c(u) = 30*u**2 - 6*u - 10. Let a be c(q). Suppose -11*h = -16*h + a. What are the prime factors of h?
2, 7, 11
Suppose 3*f - 778 + 1948 = 0. Let l = f - -860. What are the prime factors of -3*(l/(-3))/5?
2, 47
Let o = 1459 + -791. Suppose 0 = -k - 3*z + o, -4*k + z + 2975 = 329. What are the prime factors of k?
2, 331
Suppose 5*y + 1842 = d, -d - 46*y + 49*y + 1840 = 0. List the prime factors of d.
11, 167
Let o = 4 + -1. Let l = 153 - 150. Suppose 0 = -o*s + l*r + 132, -r - r = s - 29. List the prime factors of s.
3, 13
Suppose 5*z - 11 = k, -4*z = z - 15. Suppose -k*f = 13 - 13. Suppose 2*j - 5*j - 6 = 0, -4*y - j + 798 = f. What are the prime factors of y?
2, 5
Let j(k) = -101*k**3 - 2*k**2 + 2*k - 2. List the prime factors of j(-4).
2, 13, 19
Suppose -5*j - 4*u + 15 = 3, 3*j - 2*u = 16. Let c be -14 - (-10)/(-2)*j/(-10). List the prime factors of (-2 + (-61)/(-4))/((-3)/c).
53
Let l be 2 + (-171)/(-2) + (-9)/18. Suppose 10*y - 392 = 17*y. Let m = y + l. What are the prime factors of m?
31
Suppose 2*z + 17*c = 22*c - 13, -z - c = -11. Suppose 3*n - z*n + 261 = 5*j, -2*j - 5*n + 112 = 0. List the prime factors of j.
3, 17
Let i(h) = 4*h**3 - 120*h**2 + 47*h + 417. List the prime factors of i(41).
2, 3, 6359
Let a(q) = -30*q - 8. Let b be a(-5). Let m = 16 + b. Suppose -f + m = -44. What are the prime factors of f?
2, 101
Let g be 30/4 - -2 - (-19)/38. Suppose -g*s = -9*s - 1491. Suppose -13*i + s = -6*i. List the prime factors of i.
3, 71
Let m(l) = 2*l**3 + 59*l**2 + 207*l + 59. List the prime factors of m(-22).
5, 7, 79
Let y(z) = -166*z - 85. Let c be y(16). Let r = -1069 - c. List the prime factors of r.
2, 11, 19
Let o(g) = 6*g**2 + 13*g + 56. Let a be o(15). Let x = a + -782. List the prime factors of x.
3, 7, 13
Suppose -48*r + 154720 - 32608 = 0. What are the prime factors of r?
2, 3, 53
Let u = -973 + 895. List the prime factors of (u/663 - 14486/(-17)) + 6.
2, 3, 11, 13
Suppose 2*w - 4*u = w - 14, 3*u = -4*w + 1. Let d = w + 6. Suppose 5 - 277 = -d*s. What are the prime factors of s?
2, 17
Let v = 30 - 40. Let m(g) = -115*g - 31. Let o be m(v). Suppose 7*p = -223 + o. What are the prime factors of p?
2
Let s(r) = 3*r**2 - 5*r - 4. Let m be s(-3). Let g = m - 34. Suppose 5 = x + g*b + 2, -b - 22 = -3*x. What are the prime factors of x?
7
Let u be -2 + -12 + 6 + -314. Let l = u - -337. What are the prime factors of l?
3, 5
Let o(w) = 111*w**2 + 7*w - 95. List the prime factors of o(8).
3, 5, 157
Suppose -53 + 45 = -q. Suppose q*v + 8076 = 20252. List the prime factors of v.
2, 761
Let j(n) = n**3 - 8*n**2 + 62*n + 95. List the prime factors of j(23).
2, 3, 197
Suppose -88*g + 39291 + 23280 + 43293 = 0. List the prime factors of g.
3, 401
Let h(g) = 8*g + 101. Suppose -44*u + 35*u - 108 = 0. What are the prime factors of h(u)?
5
Suppose 5*l + 23 = -7, -6*x + 5*l + 11352 = 0. What are the prime factors of x?
3, 17, 37
Let z(a) = a**3 - 7*a**2 + 18*a - 40. Let j be z(5). Suppose j = 139*b - 141*b + 222. List the prime factors of b.
3, 37
Suppose -73756 = -5*o + 88564. List the prime factors of o.
2, 2029
Suppose -14*k + 563592 = 23*k - 13*k. What are the prime factors of k?
23, 1021
Suppose 4*g + 3*r + 972 = 2*r, -4*r + 16 = 0. Suppose -38*b + 20849 = 5307. Let c = g + b. What are the prime factors of c?
3, 5, 11
Suppose -3*g = 4*z - 35, -3*g + 4 = -z - 6. Suppose 0 = 5*q + 4*d - 617, -z*d = 4*q - 288 - 211. What are the prime factors of q?
11
Suppose 3*l = -2*l - 275. Let d = l + 59. Let v = d + 11. What are the prime factors of v?
3, 5
Suppose 0 = -3*q - 4*v + 88, -3*v + 6*v + 15 = 0. Let x = q - 44. List the prime factors of (262/(-4))/(4/x) - 0.
131
Suppose 28*u = 79 + 33. Suppose 4*i + u*x = 580, -4*i + 2*x + 555 = x. List the prime factors of i.
2, 5, 7
Let z be 0 + -1 + 57 + 478. What are the prime factors of (-7)/(14/(-12)) + z?
2, 3, 5
Let n(s) be the second derivative of s**5/10 - 31*s**4/12 + 3*s**3 + 13*s**2/2 + 33*s. Let u be n(15). Let f = 82 - u. What are the prime factors of f?
2, 3
Let y be (-10325)/(-2)*(-44)/(-5). List the prime factors of (-2)/(8 - y/5677).
811
Suppose -12*s - 7072 = -m - 15*s, -4*m = -s - 28340. What are the prime factors of m?
2, 7, 11, 23
Let n = 9 + -12. Let l be (n - -6) + (43 - 4). Let t = 66 - l. What are the prime factors of t?
2, 3
Suppose 0 = n - 4*r - 1745, 9*r = 10*r + 4. Suppose 0*w + 2*u - n = -3*w, -5*w = -5*u - 2915. What are the prime factors of w?
3, 193
Let x(y) = 7*y + 222. Let p be x(-29). Let o(c) = 2*c**3 - 36*c**2 + 20*c - 22. List the prime factors of o(p).
2, 3, 5
Let i(z) = -z + 28. Let w be i(11). Suppose c + 4 = -w. Let a = c + 24. What are the prime factors of a?
3
Let n(q) = -4*q**2 + 9*q**3 - 4*q + 6*q**3 + 0*q**3 - 1 - 16*q**3. Let p be n(-3). List the prime factors of 0 - (2 + -45 - p).
3, 5
Let k = -1017 - -2455. Suppose -z - 3590 = -4*r, 3*r - 4135 + k = 3*z. List the prime factors of r.
3, 13, 23
Let p be (-5)/(-20) - 38/(-8). Suppose 41 = 3*f - 2*k, p*f + 5*k - 15 = 20. Let n(i) = -i**3 + 13*i**2 - 13*i - 18. What are the prime factors of n(f)?
3
Suppose -9*x + 1367 = -7129. What are the prime factors of (30/(-24))/(-2*1/x)?
2, 5, 59
Let t(k) = k**2 - 12*k + 22. Let h be t(9). Let v(z) = -3*z. Let b be v(h). Suppose -11*q = -b*q + 540. List the prime factors of q.
3, 5
Suppose g = 0, -3*u + 5*u - 1326 = -5*g. Suppose 0 = 5*f - 557 - u. What are the prime factors of f?
2, 61
Let h be (61/4)/((-9)/(-36)). Let n = h + -63. List the prime factors of 3/n + 708/8 - 1.
2, 43
Let r = 208 - 204. Suppose -r*c - z = -1509, 6*c - 4*z = 3*c + 1127. What are the prime factors of c?
13, 29
Let o(n) = n**3 + 5*n**2 - 4. Let p be o(-4). Suppose -28*u - p = -34*u. Suppose 0*k - 4*t + 154 = u*k, -3*k - t + 236 = 0. What are the prime factors of k?
79
Suppose -13*q = -15*q + 4. Let f be 1144/64 + q/16. List the prime factors of (-1172)/(-9) + (-4)/f.
2, 5, 13
What are the prime factors of (1/((-6)/(-88)))/(324/746982)?
2, 11, 29, 53
Suppose 14*i - 173 = 219. Suppose -26*h - 280 = -i*h. What are the prime factors of h?
2, 5, 7
Suppose -20*q = -14*q - 2610. Suppose 2*f + 2*t = 1952, 0 = -2*f + t + q + 1514. List the prime factors of f.
3, 5, 13
Let n(p) = -13 + 21*p + 3*p**2 - 27*p + 4 + p**3. Let u be n(7). Suppose 0 = -2*j - 3*y + 423 - 124, -5*y - u = -3*j. List the prime factors of j.
2, 37
Let t be 1 - (-3 + 0 + 1). Let n = -6555 + 6816. Suppose n = 6*i - t*i. What are the prime factors of i?
3, 29
Let h = 37 -